{"id":2,"date":"2010-11-30T19:24:27","date_gmt":"2010-11-30T18:24:27","guid":{"rendered":"http:\/\/tuxik.dangerous.cz\/?page_id=2"},"modified":"2025-09-16T20:25:36","modified_gmt":"2025-09-16T19:25:36","slug":"neco-o-me","status":"publish","type":"page","link":"http:\/\/tuxik.cz\/?page_id=2","title":{"rendered":"N\u011bco o mn\u011b"},"content":{"rendered":"\n<figure class=\"wp-block-image size-large is-resized\"><a href=\"https:\/\/www.tuxik.cz\/wp-content\/uploads\/tux.jpg\"><img decoding=\"async\" loading=\"lazy\" width=\"551\" height=\"1024\" src=\"https:\/\/www.tuxik.cz\/wp-content\/uploads\/tux-551x1024.jpg\" alt=\"\" class=\"wp-image-327\" style=\"aspect-ratio:0.5380859375;width:142px;height:auto\" srcset=\"http:\/\/tuxik.cz\/wp-content\/uploads\/tux-551x1024.jpg 551w, http:\/\/tuxik.cz\/wp-content\/uploads\/tux-161x300.jpg 161w, http:\/\/tuxik.cz\/wp-content\/uploads\/tux-768x1428.jpg 768w, http:\/\/tuxik.cz\/wp-content\/uploads\/tux.jpg 826w\" sizes=\"(max-width: 551px) 100vw, 551px\" \/><\/a><\/figure>\n\n\n<ul>\n<li><strong>Bydli\u0161t\u011b:<\/strong> Praha 5<\/li>\n<li><strong>Narozen:<\/strong> ano, narozen. Roku 1986 v Praze<\/li>\n<li><strong>Povol\u00e1n\u00ed:\u00a0<\/strong>Linux system administr\u00e1tor, spr\u00e1vce po\u010d\u00edta\u010dov\u00e9 s\u00edt\u011b, technik nejmenovan\u00e9ho r\u00e1dia<\/li>\n<li><strong>Z\u00e1jmy:<\/strong> star\u00e9 \u0161kodovky, elektronika, IT, radioamat\u00e9\u0159ina, bastlen\u00ed, v\u00fdlety, urbex, tov\u00e1rn\u00ed kom\u00edny<\/li>\n<li><strong>Radioamat\u00e9rsk\u00e1 volac\u00ed zna\u010dka:<\/strong> OK9TUX, Edison (na CB)<\/li>\n<\/ul>","protected":false},"excerpt":{"rendered":"<p>Bydli\u0161t\u011b: Praha 5 Narozen: ano, narozen. Roku 1986 v Praze Povol\u00e1n\u00ed:\u00a0Linux system administr\u00e1tor, spr\u00e1vce po\u010d\u00edta\u010dov\u00e9 s\u00edt\u011b, technik nejmenovan\u00e9ho r\u00e1dia Z\u00e1jmy: star\u00e9 \u0161kodovky, elektronika, IT, radioamat\u00e9\u0159ina, bastlen\u00ed, v\u00fdlety, urbex, tov\u00e1rn\u00ed kom\u00edny Radioamat\u00e9rsk\u00e1 volac\u00ed zna\u010dka: OK9TUX, Edison (na CB)<\/p>\n","protected":false},"author":1,"featured_media":0,"parent":0,"menu_order":0,"comment_status":"open","ping_status":"open","template":"","meta":{"footnotes":""},"_links":{"self":[{"href":"http:\/\/tuxik.cz\/index.php?rest_route=\/wp\/v2\/pages\/2"}],"collection":[{"href":"http:\/\/tuxik.cz\/index.php?rest_route=\/wp\/v2\/pages"}],"about":[{"href":"http:\/\/tuxik.cz\/index.php?rest_route=\/wp\/v2\/types\/page"}],"author":[{"embeddable":true,"href":"http:\/\/tuxik.cz\/index.php?rest_route=\/wp\/v2\/users\/1"}],"replies":[{"embeddable":true,"href":"http:\/\/tuxik.cz\/index.php?rest_route=%2Fwp%2Fv2%2Fcomments&post=2"}],"version-history":[{"count":23,"href":"http:\/\/tuxik.cz\/index.php?rest_route=\/wp\/v2\/pages\/2\/revisions"}],"predecessor-version":[{"id":368,"href":"http:\/\/tuxik.cz\/index.php?rest_route=\/wp\/v2\/pages\/2\/revisions\/368"}],"wp:attachment":[{"href":"http:\/\/tuxik.cz\/index.php?rest_route=%2Fwp%2Fv2%2Fmedia&parent=2"}],"curies":[{"name":"wp","href":"https:\/\/api.w.org\/{rel}","templated":true}]}}